{"id":4099,"date":"2025-11-03T10:53:56","date_gmt":"2025-11-03T10:53:56","guid":{"rendered":"https:\/\/letilkuria.hu\/?page_id=4099"},"modified":"2025-11-17T12:39:01","modified_gmt":"2025-11-17T12:39:01","slug":"karacsonyi-tal-rendeles","status":"publish","type":"page","link":"https:\/\/letilkuria.hu\/en\/karacsonyi-tal-rendeles\/","title":{"rendered":"Kar\u00e1csonyi t\u00e1l rendel\u00e9s"},"content":{"rendered":"<p>[et_pb_section fb_built=&#8221;1&#8243; _builder_version=&#8221;4.16&#8243; _module_preset=&#8221;default&#8221; custom_padding=&#8221;0px||0px|||&#8221; global_colors_info=&#8221;{}&#8221;][et_pb_row _builder_version=&#8221;4.19.1&#8243; _module_preset=&#8221;default&#8221; use_background_color_gradient=&#8221;on&#8221; background_color_gradient_stops=&#8221;rgba(255,255,255,0) 60%|#960014 90%&#8221; background_image=&#8221;https:\/\/letilkuria.hu\/wp-content\/uploads\/img-1879-673f3b11340a7.webp&#8221; background_blend=&#8221;multiply&#8221; width=&#8221;100%&#8221; max_width=&#8221;100%&#8221; min_height=&#8221;80vh&#8221; min_height_tablet=&#8221;50vh&#8221; min_height_phone=&#8221;50vh&#8221; min_height_last_edited=&#8221;on|phone&#8221; background_last_edited=&#8221;on|phone&#8221; use_background_color_gradient_tablet=&#8221;on&#8221; use_background_color_gradient_phone=&#8221;on&#8221; background_color_gradient_stops_tablet=&#8221;rgba(255,255,255,0) 45%|#613a43 89%&#8221; background_color_gradient_stops_phone=&#8221;rgba(255,255,255,0) 35%|#613a43 80%&#8221; custom_css_main_element=&#8221;  display: flex;||    justify-content: center;||    align-items: flex-end;&#8221; global_colors_info=&#8221;{}&#8221;][et_pb_column type=&#8221;4_4&#8243; _builder_version=&#8221;4.19.1&#8243; _module_preset=&#8221;default&#8221; global_colors_info=&#8221;{}&#8221;][et_pb_text content_tablet=&#8221;<\/p>\n<h1 class=%22decor-down%22>\u00c9lm\u00e9ny, mely \u00f6r\u00f6kre mag\u00e1val ragad!<\/h1>\n<p>&#8221; content_phone=&#8221;<\/p>\n<h1 class=%22decor-down%22>\u00c9lm\u00e9ny, mely \u00f6r\u00f6kre mag\u00e1val ragad!<\/h1>\n<p>&#8221; content_last_edited=&#8221;off|desktop&#8221; module_class=&#8221;heading-decor-white&#8221; _builder_version=&#8221;4.27.4&#8243; _module_preset=&#8221;default&#8221; text_text_color=&#8221;#FFFFFF&#8221; header_text_align=&#8221;center&#8221; header_text_color=&#8221;#FFFFFF&#8221; header_font_size=&#8221;36px&#8221; custom_padding=&#8221;||16px||false|false&#8221; header_font_size_tablet=&#8221;36px&#8221; header_font_size_phone=&#8221;32px&#8221; header_font_size_last_edited=&#8221;on|phone&#8221; global_colors_info=&#8221;{}&#8221;]<\/p>\n<h1 class=\"decor-down\">Kar\u00e1csonyi \u00edzek \u2013 a Le Til K\u00faria \u00fcnnepi aj\u00e1nlata\u00a0\u00a0<\/h1>\n<p>[\/et_pb_text][\/et_pb_column][\/et_pb_row][et_pb_row module_class=&#8221;flex-align-center&#8221; _builder_version=&#8221;4.19.1&#8243; _module_preset=&#8221;default&#8221; max_width=&#8221;1200px&#8221; custom_margin=&#8221;60px||||false|false&#8221; custom_padding=&#8221;0px||60px||false|false&#8221; global_colors_info=&#8221;{}&#8221;][et_pb_column type=&#8221;4_4&#8243; _builder_version=&#8221;4.16&#8243; _module_preset=&#8221;default&#8221; global_colors_info=&#8221;{}&#8221;][et_pb_text module_id=&#8221;fotozas-div&#8221; _builder_version=&#8221;4.19.1&#8243; _module_preset=&#8221;default&#8221; header_font=&#8221;||||||||&#8221; header_2_font=&#8221;|||on|||||&#8221; header_2_text_color=&#8221;#aa845b&#8221; header_2_font_size=&#8221;24px&#8221; header_2_letter_spacing=&#8221;1px&#8221; text_orientation=&#8221;center&#8221; custom_margin=&#8221;||26px||false|false&#8221; custom_margin_tablet=&#8221;||10px||false|false&#8221; custom_margin_phone=&#8221;&#8221; custom_margin_last_edited=&#8221;on|desktop&#8221; global_colors_info=&#8221;{}&#8221;]<\/p>\n<h2>Ha m\u00e1r unod a konyh\u00e1ban t\u00f6lt\u00f6tt \u00f3r\u00e1kat \u00e9s a men\u00fctervez\u00e9s kih\u00edv\u00e1sait, akkor hagyd, hogy levegy\u00fck a terhet a v\u00e1lladr\u00f3l!<\/h2>\n<p>[\/et_pb_text][et_pb_text _builder_version=&#8221;4.27.4&#8243; _module_preset=&#8221;default&#8221; text_orientation=&#8221;center&#8221; text_orientation_tablet=&#8221;&#8221; text_orientation_phone=&#8221;center&#8221; text_orientation_last_edited=&#8221;on|phone&#8221; global_colors_info=&#8221;{}&#8221;]<\/p>\n<p data-pm-slice=\"1 1 []\">Az idei kar\u00e1csonyon engedd meg magadnak a nyugalmat: mi gondoskodunk az \u00fcnnepi \u00edzekr\u0151l.<\/p>\n<p>Weboldalunkon egyszer\u0171en leadhatod rendel\u00e9sed kar\u00e1csonyi t\u00e1lainkra, \u00e9s ak\u00e1r t\u00f6bb fog\u00e1st is v\u00e1laszthatsz pont \u00fagy, ahogy nektek a legfinomabb.<\/p>\n<p>\u00c1ll\u00edtsd \u00f6ssze a men\u00fct otthonod k\u00e9nyelm\u00e9b\u0151l, \u00e9s koncentr\u00e1lj arra, ami igaz\u00e1n fontos: a k\u00f6z\u00f6s pillanatokra.<\/p>\n<p>[\/et_pb_text][et_pb_button button_url=&#8221;https:\/\/shop.letilkuria.hu\/apps\/products-list&#8221; button_text=&#8221;Rendel\u00e9s&#8221; button_alignment=&#8221;center&#8221; _builder_version=&#8221;4.27.4&#8243; _module_preset=&#8221;default&#8221; hover_enabled=&#8221;0&#8243; global_colors_info=&#8221;{}&#8221; url_new_window=&#8221;on&#8221; sticky_enabled=&#8221;0&#8243;][\/et_pb_button][\/et_pb_column][\/et_pb_row][\/et_pb_section][et_pb_section fb_built=&#8221;1&#8243; prev_background_color=&#8221;#ffffff&#8221; disabled_on=&#8221;off|off|off&#8221; _builder_version=&#8221;4.19.1&#8243; _module_preset=&#8221;default&#8221; background_color=&#8221;gcid-e0fae7ad-d98e-4392-872e-a72c4844db92&#8243; background_image=&#8221;https:\/\/letilkuria.hu\/wp-content\/uploads\/ph2-8922-673f3b1a5ed53.webp&#8221; background_blend=&#8221;multiply&#8221; custom_padding=&#8221;150px||||false|false&#8221; top_divider_style=&#8221;ramp&#8221; top_divider_height=&#8221;65px&#8221; top_divider_repeat=&#8221;0x&#8221; top_divider_flip=&#8221;horizontal&#8221; global_colors_info=&#8221;{%22gcid-e0fae7ad-d98e-4392-872e-a72c4844db92%22:%91%22background_color%22%93}&#8221;][et_pb_row module_class=&#8221;flex-align-center&#8221; _builder_version=&#8221;4.16&#8243; _module_preset=&#8221;default&#8221; max_width=&#8221;1200px&#8221; custom_padding=&#8221;0px|||||&#8221; global_colors_info=&#8221;{}&#8221;][et_pb_column type=&#8221;4_4&#8243; _builder_version=&#8221;4.16&#8243; _module_preset=&#8221;default&#8221; global_colors_info=&#8221;{}&#8221;][et_pb_text module_id=&#8221;fotozas-div&#8221; _builder_version=&#8221;4.19.1&#8243; _module_preset=&#8221;default&#8221; header_font=&#8221;||||||||&#8221; header_text_color=&#8221;#FFFFFF&#8221; header_2_font=&#8221;|||on|||||&#8221; header_2_text_color=&#8221;#aa845b&#8221; header_2_font_size=&#8221;24px&#8221; header_2_letter_spacing=&#8221;1px&#8221; text_orientation=&#8221;center&#8221; custom_margin=&#8221;||26px||false|false&#8221; custom_margin_tablet=&#8221;||10px||false|false&#8221; custom_margin_phone=&#8221;&#8221; custom_margin_last_edited=&#8221;on|tablet&#8221; global_colors_info=&#8221;{}&#8221;]<\/p>\n<h2 style=\"color: white !important; text-align: center;\">A Le Til K\u00faria gondosan \u00f6ssze\u00e1ll\u00edtott kar\u00e1csonyi aj\u00e1nlataival k\u00f6nnyed\u00e9n luxust csemp\u00e9szhetsz az \u00fcnnepi asztalra.<\/h2>\n<p>[\/et_pb_text][et_pb_text _builder_version=&#8221;4.27.4&#8243; _module_preset=&#8221;default&#8221; text_orientation=&#8221;center&#8221; text_orientation_tablet=&#8221;&#8221; text_orientation_phone=&#8221;center&#8221; text_orientation_last_edited=&#8221;on|phone&#8221; global_colors_info=&#8221;{}&#8221;]<\/p>\n<p><span style=\"color: white!important;\">R\u00e1ad\u00e1sul, k\u00fcl\u00f6nlegess\u00e9geinket h\u00e1zhozsz\u00e1ll\u00edt\u00e1ssal* is k\u00e9rheted, \u00edgy nem csak a felejthetetlen gasztron\u00f3miai \u00e9lm\u00e9nyeket \u00e9lvezheted, hanem a k\u00e9nyelmet is. <\/span><\/p>\n<p><span style=\"color: white!important;\">Add le rendel\u00e9sed id\u0151ben az al\u00e1bbi el\u00e9rhet\u0151s\u00e9gek valamelyik\u00e9n!<\/span><\/p>\n<p><span style=\"font-size: 12px; font-weight: 400; color: white!important;\">*A kisz\u00e1ll\u00edt\u00e1s Ny\u00edregyh\u00e1z\u00e1ra \u00e9s k\u00f6rny\u00e9k\u00e9re, valamint Debrecenre vonatkozik.<\/span><\/p>\n<p>[\/et_pb_text][et_pb_button button_url=&#8221;https:\/\/shop.letilkuria.hu\/apps\/products-list&#8221; button_text=&#8221;Rendel\u00e9s&#8221; button_alignment=&#8221;center&#8221; _builder_version=&#8221;4.27.4&#8243; _module_preset=&#8221;default&#8221; hover_enabled=&#8221;0&#8243; global_colors_info=&#8221;{}&#8221; url_new_window=&#8221;on&#8221; sticky_enabled=&#8221;0&#8243;][\/et_pb_button][\/et_pb_column][\/et_pb_row][\/et_pb_section][et_pb_section fb_built=&#8221;1&#8243; module_id=&#8221;rendeles&#8221; _builder_version=&#8221;4.27.4&#8243; _module_preset=&#8221;default&#8221; background_color=&#8221;rgba(0,0,0,0)&#8221; background_enable_image=&#8221;off&#8221; background_size=&#8221;initial&#8221; background_repeat=&#8221;repeat&#8221; custom_margin=&#8221;20px||||false|false&#8221; custom_padding=&#8221;0px||0px|||&#8221; global_colors_info=&#8221;{}&#8221;][et_pb_row _builder_version=&#8221;4.27.4&#8243; _module_preset=&#8221;default&#8221; max_width=&#8221;1200px&#8221; global_colors_info=&#8221;{}&#8221;][et_pb_column type=&#8221;4_4&#8243; _builder_version=&#8221;4.16&#8243; _module_preset=&#8221;default&#8221; global_colors_info=&#8221;{}&#8221;][et_pb_text _builder_version=&#8221;4.19.1&#8243; _module_preset=&#8221;default&#8221; header_text_align=&#8221;center&#8221; header_text_color=&#8221;#aa845b&#8221; custom_margin=&#8221;||36px||false|false&#8221; global_colors_info=&#8221;{}&#8221;]<\/p>\n<h1 class=\"decor-down\">\u00dcnnepi fog\u00e1sok<\/h1>\n<p>[\/et_pb_text][et_pb_text _builder_version=&#8221;4.19.1&#8243; _module_preset=&#8221;default&#8221; text_orientation=&#8221;center&#8221; global_colors_info=&#8221;{}&#8221;]V\u00e1laszd ki, hogy melyikb\u0151l h\u00e1ny darabot szeretn\u00e9l az \u00fcnnepi asztalodra![\/et_pb_text][et_pb_text _builder_version=&#8221;4.27.4&#8243; _module_preset=&#8221;default&#8221; text_font=&#8221;|||on|||||&#8221; text_font_size=&#8221;15px&#8221; text_orientation=&#8221;center&#8221; global_colors_info=&#8221;{}&#8221;]<\/p>\n<p>A t\u00e1lak \u00e1tv\u00e9tele \u00e9s kisz\u00e1ll\u00edt\u00e1sa: december 24.<\/p>\n<p>[\/et_pb_text][et_pb_text _builder_version=&#8221;4.27.4&#8243; _module_preset=&#8221;default&#8221; text_font=&#8221;|||on|||||&#8221; text_font_size=&#8221;15px&#8221; text_orientation=&#8221;center&#8221; global_colors_info=&#8221;{}&#8221;]<\/p>\n<p data-pm-slice=\"1 1 []\">30.000 Ft felett ingyenes h\u00e1zhoz sz\u00e1ll\u00edt\u00e1s<\/p>\n<p>[\/et_pb_text][et_pb_button button_url=&#8221;https:\/\/shop.letilkuria.hu\/apps\/products-list&#8221; button_text=&#8221;Rendel\u00e9s&#8221; button_alignment=&#8221;center&#8221; _builder_version=&#8221;4.27.4&#8243; _module_preset=&#8221;default&#8221; hover_enabled=&#8221;0&#8243; global_colors_info=&#8221;{}&#8221; url_new_window=&#8221;on&#8221; sticky_enabled=&#8221;0&#8243;][\/et_pb_button][\/et_pb_column][\/et_pb_row][\/et_pb_section]<\/p>\n","protected":false},"excerpt":{"rendered":"<p>Kar\u00e1csonyi \u00edzek \u2013 a Le Til K\u00faria \u00fcnnepi aj\u00e1nlata\u00a0\u00a0Ha m\u00e1r unod a konyh\u00e1ban t\u00f6lt\u00f6tt \u00f3r\u00e1kat \u00e9s a men\u00fctervez\u00e9s kih\u00edv\u00e1sait, akkor hagyd, hogy levegy\u00fck a terhet a v\u00e1lladr\u00f3l!Az idei kar\u00e1csonyon engedd meg magadnak a nyugalmat: mi gondoskodunk az \u00fcnnepi \u00edzekr\u0151l. Weboldalunkon egyszer\u0171en leadhatod rendel\u00e9sed kar\u00e1csonyi t\u00e1lainkra, \u00e9s ak\u00e1r t\u00f6bb fog\u00e1st is v\u00e1laszthatsz pont \u00fagy, ahogy nektek [&hellip;]<\/p>\n","protected":false},"author":1,"featured_media":3066,"parent":0,"menu_order":0,"comment_status":"closed","ping_status":"closed","template":"","meta":{"_et_pb_use_builder":"on","_et_pb_old_content":"<!-- wp:divi\/placeholder \/-->","_et_gb_content_width":"","footnotes":""},"class_list":["post-4099","page","type-page","status-publish","has-post-thumbnail","hentry"],"_links":{"self":[{"href":"https:\/\/letilkuria.hu\/en\/wp-json\/wp\/v2\/pages\/4099","targetHints":{"allow":["GET"]}}],"collection":[{"href":"https:\/\/letilkuria.hu\/en\/wp-json\/wp\/v2\/pages"}],"about":[{"href":"https:\/\/letilkuria.hu\/en\/wp-json\/wp\/v2\/types\/page"}],"author":[{"embeddable":true,"href":"https:\/\/letilkuria.hu\/en\/wp-json\/wp\/v2\/users\/1"}],"replies":[{"embeddable":true,"href":"https:\/\/letilkuria.hu\/en\/wp-json\/wp\/v2\/comments?post=4099"}],"version-history":[{"count":0,"href":"https:\/\/letilkuria.hu\/en\/wp-json\/wp\/v2\/pages\/4099\/revisions"}],"wp:featuredmedia":[{"embeddable":true,"href":"https:\/\/letilkuria.hu\/en\/wp-json\/wp\/v2\/media\/3066"}],"wp:attachment":[{"href":"https:\/\/letilkuria.hu\/en\/wp-json\/wp\/v2\/media?parent=4099"}],"curies":[{"name":"wp","href":"https:\/\/api.w.org\/{rel}","templated":true}]}}

Karácsonyi tál rendelés

<p>[et_pb_section fb_built=&#8221;1&#8243; _builder_version=&#8221;4.16&#8243; _module_preset=&#8221;default&#8221; custom_padding=&#8221;0px||0px|||&#8221; global_colors_info=&#8221;{}&#8221;][et_pb_row _builder_version=&#8221;4.19.1&#8243; _module_preset=&#8221;default&#8221; use_background_color_gradient=&#8221;on&#8221; background_color_gradient_stops=&#8221;rgba(255,255,255,0) 60%|#960014 90%&#8221; background_image=&#8221;https://letilkuria.hu/wp-content/uploads/img-1879-673f3b11340a7.webp&#8221; background_blend=&#8221;multiply&#8221; width=&#8221;100%&#8221; max_width=&#8221;100%&#8221; min_height=&#8221;80vh&#8221; min_height_tablet=&#8221;50vh&#8221; min_height_phone=&#8221;50vh&#8221; min_height_last_edited=&#8221;on|phone&#8221; background_last_edited=&#8221;on|phone&#8221; use_background_color_gradient_tablet=&#8221;on&#8221; use_background_color_gradient_phone=&#8221;on&#8221; background_color_gradient_stops_tablet=&#8221;rgba(255,255,255,0) 45%|#613a43 89%&#8221; background_color_gradient_stops_phone=&#8221;rgba(255,255,255,0) 35%|#613a43 80%&#8221; custom_css_main_element=&#8221;  display: flex;||    justify-content: center;||    align-items: flex-end;&#8221; global_colors_info=&#8221;{}&#8221;][et_pb_column type=&#8221;4_4&#8243; _builder_version=&#8221;4.19.1&#8243; _module_preset=&#8221;default&#8221; global_colors_info=&#8221;{}&#8221;][et_pb_text content_tablet=&#8221;</p>
<h1 class=%22decor-down%22>Élmény, mely örökre magával ragad!</h1>
<p>&#8221; content_phone=&#8221;</p>
<h1 class=%22decor-down%22>Élmény, mely örökre magával ragad!</h1>
<p>&#8221; content_last_edited=&#8221;off|desktop&#8221; module_class=&#8221;heading-decor-white&#8221; _builder_version=&#8221;4.27.4&#8243; _module_preset=&#8221;default&#8221; text_text_color=&#8221;#FFFFFF&#8221; header_text_align=&#8221;center&#8221; header_text_color=&#8221;#FFFFFF&#8221; header_font_size=&#8221;36px&#8221; custom_padding=&#8221;||16px||false|false&#8221; header_font_size_tablet=&#8221;36px&#8221; header_font_size_phone=&#8221;32px&#8221; header_font_size_last_edited=&#8221;on|phone&#8221; global_colors_info=&#8221;{}&#8221;]</p>
<h1 class="decor-down">Karácsonyi ízek – a Le Til Kúria ünnepi ajánlata  </h1>
<p>[/et_pb_text][/et_pb_column][/et_pb_row][et_pb_row module_class=&#8221;flex-align-center&#8221; _builder_version=&#8221;4.19.1&#8243; _module_preset=&#8221;default&#8221; max_width=&#8221;1200px&#8221; custom_margin=&#8221;60px||||false|false&#8221; custom_padding=&#8221;0px||60px||false|false&#8221; global_colors_info=&#8221;{}&#8221;][et_pb_column type=&#8221;4_4&#8243; _builder_version=&#8221;4.16&#8243; _module_preset=&#8221;default&#8221; global_colors_info=&#8221;{}&#8221;][et_pb_text module_id=&#8221;fotozas-div&#8221; _builder_version=&#8221;4.19.1&#8243; _module_preset=&#8221;default&#8221; header_font=&#8221;||||||||&#8221; header_2_font=&#8221;|||on|||||&#8221; header_2_text_color=&#8221;#aa845b&#8221; header_2_font_size=&#8221;24px&#8221; header_2_letter_spacing=&#8221;1px&#8221; text_orientation=&#8221;center&#8221; custom_margin=&#8221;||26px||false|false&#8221; custom_margin_tablet=&#8221;||10px||false|false&#8221; custom_margin_phone=&#8221;&#8221; custom_margin_last_edited=&#8221;on|desktop&#8221; global_colors_info=&#8221;{}&#8221;]</p>
<h2>Ha már unod a konyhában töltött órákat és a menütervezés kihívásait, akkor hagyd, hogy levegyük a terhet a válladról!</h2>
<p>[/et_pb_text][et_pb_text _builder_version=&#8221;4.27.4&#8243; _module_preset=&#8221;default&#8221; text_orientation=&#8221;center&#8221; text_orientation_tablet=&#8221;&#8221; text_orientation_phone=&#8221;center&#8221; text_orientation_last_edited=&#8221;on|phone&#8221; global_colors_info=&#8221;{}&#8221;]</p>
<p data-pm-slice="1 1 []">Az idei karácsonyon engedd meg magadnak a nyugalmat: mi gondoskodunk az ünnepi ízekről.</p>
<p>Weboldalunkon egyszerűen leadhatod rendelésed karácsonyi tálainkra, és akár több fogást is választhatsz pont úgy, ahogy nektek a legfinomabb.</p>
<p>Állítsd össze a menüt otthonod kényelméből, és koncentrálj arra, ami igazán fontos: a közös pillanatokra.</p>
<p>[/et_pb_text][et_pb_button button_url=&#8221;https://shop.letilkuria.hu/apps/products-list&#8221; button_text=&#8221;Rendelés&#8221; button_alignment=&#8221;center&#8221; _builder_version=&#8221;4.27.4&#8243; _module_preset=&#8221;default&#8221; hover_enabled=&#8221;0&#8243; global_colors_info=&#8221;{}&#8221; url_new_window=&#8221;on&#8221; sticky_enabled=&#8221;0&#8243;][/et_pb_button][/et_pb_column][/et_pb_row][/et_pb_section][et_pb_section fb_built=&#8221;1&#8243; prev_background_color=&#8221;#ffffff&#8221; disabled_on=&#8221;off|off|off&#8221; _builder_version=&#8221;4.19.1&#8243; _module_preset=&#8221;default&#8221; background_color=&#8221;gcid-e0fae7ad-d98e-4392-872e-a72c4844db92&#8243; background_image=&#8221;https://letilkuria.hu/wp-content/uploads/ph2-8922-673f3b1a5ed53.webp&#8221; background_blend=&#8221;multiply&#8221; custom_padding=&#8221;150px||||false|false&#8221; top_divider_style=&#8221;ramp&#8221; top_divider_height=&#8221;65px&#8221; top_divider_repeat=&#8221;0x&#8221; top_divider_flip=&#8221;horizontal&#8221; global_colors_info=&#8221;{%22gcid-e0fae7ad-d98e-4392-872e-a72c4844db92%22:%91%22background_color%22%93}&#8221;][et_pb_row module_class=&#8221;flex-align-center&#8221; _builder_version=&#8221;4.16&#8243; _module_preset=&#8221;default&#8221; max_width=&#8221;1200px&#8221; custom_padding=&#8221;0px|||||&#8221; global_colors_info=&#8221;{}&#8221;][et_pb_column type=&#8221;4_4&#8243; _builder_version=&#8221;4.16&#8243; _module_preset=&#8221;default&#8221; global_colors_info=&#8221;{}&#8221;][et_pb_text module_id=&#8221;fotozas-div&#8221; _builder_version=&#8221;4.19.1&#8243; _module_preset=&#8221;default&#8221; header_font=&#8221;||||||||&#8221; header_text_color=&#8221;#FFFFFF&#8221; header_2_font=&#8221;|||on|||||&#8221; header_2_text_color=&#8221;#aa845b&#8221; header_2_font_size=&#8221;24px&#8221; header_2_letter_spacing=&#8221;1px&#8221; text_orientation=&#8221;center&#8221; custom_margin=&#8221;||26px||false|false&#8221; custom_margin_tablet=&#8221;||10px||false|false&#8221; custom_margin_phone=&#8221;&#8221; custom_margin_last_edited=&#8221;on|tablet&#8221; global_colors_info=&#8221;{}&#8221;]</p>
<h2 style="color: white !important; text-align: center;">A Le Til Kúria gondosan összeállított karácsonyi ajánlataival könnyedén luxust csempészhetsz az ünnepi asztalra.</h2>
<p>[/et_pb_text][et_pb_text _builder_version=&#8221;4.27.4&#8243; _module_preset=&#8221;default&#8221; text_orientation=&#8221;center&#8221; text_orientation_tablet=&#8221;&#8221; text_orientation_phone=&#8221;center&#8221; text_orientation_last_edited=&#8221;on|phone&#8221; global_colors_info=&#8221;{}&#8221;]</p>
<p><span style="color: white!important;">Ráadásul, különlegességeinket házhozszállítással* is kérheted, így nem csak a felejthetetlen gasztronómiai élményeket élvezheted, hanem a kényelmet is. </span></p>
<p><span style="color: white!important;">Add le rendelésed időben az alábbi elérhetőségek valamelyikén!</span></p>
<p><span style="font-size: 12px; font-weight: 400; color: white!important;">*A kiszállítás Nyíregyházára és környékére, valamint Debrecenre vonatkozik.</span></p>
<p>[/et_pb_text][et_pb_button button_url=&#8221;https://shop.letilkuria.hu/apps/products-list&#8221; button_text=&#8221;Rendelés&#8221; button_alignment=&#8221;center&#8221; _builder_version=&#8221;4.27.4&#8243; _module_preset=&#8221;default&#8221; hover_enabled=&#8221;0&#8243; global_colors_info=&#8221;{}&#8221; url_new_window=&#8221;on&#8221; sticky_enabled=&#8221;0&#8243;][/et_pb_button][/et_pb_column][/et_pb_row][/et_pb_section][et_pb_section fb_built=&#8221;1&#8243; module_id=&#8221;rendeles&#8221; _builder_version=&#8221;4.27.4&#8243; _module_preset=&#8221;default&#8221; background_color=&#8221;rgba(0,0,0,0)&#8221; background_enable_image=&#8221;off&#8221; background_size=&#8221;initial&#8221; background_repeat=&#8221;repeat&#8221; custom_margin=&#8221;20px||||false|false&#8221; custom_padding=&#8221;0px||0px|||&#8221; global_colors_info=&#8221;{}&#8221;][et_pb_row _builder_version=&#8221;4.27.4&#8243; _module_preset=&#8221;default&#8221; max_width=&#8221;1200px&#8221; global_colors_info=&#8221;{}&#8221;][et_pb_column type=&#8221;4_4&#8243; _builder_version=&#8221;4.16&#8243; _module_preset=&#8221;default&#8221; global_colors_info=&#8221;{}&#8221;][et_pb_text _builder_version=&#8221;4.19.1&#8243; _module_preset=&#8221;default&#8221; header_text_align=&#8221;center&#8221; header_text_color=&#8221;#aa845b&#8221; custom_margin=&#8221;||36px||false|false&#8221; global_colors_info=&#8221;{}&#8221;]</p>
<h1 class="decor-down">Ünnepi fogások</h1>
<p>[/et_pb_text][et_pb_text _builder_version=&#8221;4.19.1&#8243; _module_preset=&#8221;default&#8221; text_orientation=&#8221;center&#8221; global_colors_info=&#8221;{}&#8221;]Válaszd ki, hogy melyikből hány darabot szeretnél az ünnepi asztalodra![/et_pb_text][et_pb_text _builder_version=&#8221;4.27.4&#8243; _module_preset=&#8221;default&#8221; text_font=&#8221;|||on|||||&#8221; text_font_size=&#8221;15px&#8221; text_orientation=&#8221;center&#8221; global_colors_info=&#8221;{}&#8221;]</p>
<p>A tálak átvétele és kiszállítása: december 24.</p>
<p>[/et_pb_text][et_pb_text _builder_version=&#8221;4.27.4&#8243; _module_preset=&#8221;default&#8221; text_font=&#8221;|||on|||||&#8221; text_font_size=&#8221;15px&#8221; text_orientation=&#8221;center&#8221; global_colors_info=&#8221;{}&#8221;]</p>
<p data-pm-slice="1 1 []">30.000 Ft felett ingyenes házhoz szállítás</p>
<p>[/et_pb_text][et_pb_button button_url=&#8221;https://shop.letilkuria.hu/apps/products-list&#8221; button_text=&#8221;Rendelés&#8221; button_alignment=&#8221;center&#8221; _builder_version=&#8221;4.27.4&#8243; _module_preset=&#8221;default&#8221; hover_enabled=&#8221;0&#8243; global_colors_info=&#8221;{}&#8221; url_new_window=&#8221;on&#8221; sticky_enabled=&#8221;0&#8243;][/et_pb_button][/et_pb_column][/et_pb_row][/et_pb_section]</p>

<p>Karácsonyi ízek – a Le Til Kúria ünnepi ajánlata  Ha már unod a konyhában töltött órákat és a menütervezés kihívásait, akkor hagyd, hogy levegyük a terhet a válladról!Az idei karácsonyon engedd meg magadnak a nyugalmat: mi gondoskodunk az ünnepi ízekről. Weboldalunkon egyszerűen leadhatod rendelésed karácsonyi tálainkra, és akár több fogást is választhatsz pont úgy, ahogy nektek [&hellip;]</p>
